me factors of f?
2, 37
Let t(c) = 7814*c + 1267. What are the prime factors of t(3)?
24709
Let o(j) = 2*j**2 - 2*j - 6. Let w be o(0). Let l be w*215/(-10) + 4. Suppose 0*m - 5*m = d - l, -457 = -4*d + 5*m. List the prime factors of d.
2, 59
Suppose a = 3*z + 65512, -z = 209*a - 213*a + 261949. List the prime factors of a.
5, 7, 1871
Let m be (-39)/(-6)*-6 + (0 - -2). Let l = m + 45. What are the prime factors of (9 + -4 + -1)*322/l?
7, 23
Suppose 88797 = 3*d + 70*l - 73*l, 0 = 5*d - l - 147999. List the prime factors of d.
2, 5, 37
Let q = 173 + -25. Let g = q + 47. What are the prime factors of g?
3, 5, 13
Suppose 3*w - 25*u = -22*u + 34707, -5*w + 57881 = u. List the prime factors of w.
5, 463
Let h = 87 - 156. Let w = 71 + h. What are the prime factors of ((-65)/(-39))/(w/102)?
5, 17
Suppose 5*u + 225 = 5*j - 40, 0 = -2*j + 3*u + 104. Suppose 0 = m - 11 + j. Let n = 88 + m. List the prime factors of n.
2, 11
Let v(k) = 1548*k + 10852. List the prime factors of v(41).
2, 5, 929
Let w(y) = -7*y - 65. Let m be w(-15). Let h be 5350/m + -2*6/16. Suppose -2*a = -3*i - h, 3*i - 4*i = -2*a + 127. List the prime factors of a.
2, 31
Suppose -22*k + 94 = -21*k. Suppose 0 = -2*o + 558 - k. List the prime factors of o.
2, 29
Suppose 4*m - 4 = 5*m, 0 = 3*f - 5*m - 3926. Let b = -885 + f. What are the prime factors of b?
3, 139
Suppose 0 = 65*t - 4299 - 58474 - 119292. What are the prime factors of t?
2801
Let o(s) = 187*s - 9. Let y be o(4). Suppose -x = -4*p + 2*x + y, 895 = 5*p + 2*x. Suppose -p = -w - w + m, 5*w = 3*m + 453. List the prime factors of w.
2, 3, 5
Let i(q) = -43*q + 22. Let h be i(2). Let s = 288 + h. What are the prime factors of s?
2, 7
What are the prime factors of 2 + 448650/39 + (2736/494)/36?
2, 11, 523
Let o be (8*15)/(8/(12 - -4)). Suppose 5*a = 3*a + 4, -m - a = -o. List the prime factors of m.
2, 7, 17
Let u(v) be the third derivative of -v**4/24 - 20*v**3/3 + 7*v**2. Let l be u(-7). Let q = 22 - l. List the prime factors of q.
5, 11
Let n(d) = -29*d**2 - d - 1. Let m be n(1). Let w = m - -33. Suppose -7*l + w + 40 = 0. What are the prime factors of l?
2, 3
Let f = -396 - 1039. Let n = -877 - f. What are the prime factors of n/7 - (150/(-35) - -4)?
2, 5
Let s(t) = t**3 - t**2 + 2*t + 13. Let b be s(0). Let o be 36024/78 + 2/b. Suppose 5*p - 4*f = 3*p + o, 3*f = -5*p + 1155. List the prime factors of p.
3, 7, 11
Suppose 3 = 6*z - 9. Let f be z - ((-2 - 2) + -1). Suppose 0 = f*t - 612 - 823. List the prime factors of t.
5, 41
Let l be (-45)/6*4/(-5). Suppose -3*h + l*h + 24 = 0. Let k = h - -43. What are the prime factors of k?
5, 7
Let s = 96377 - 31555. What are the prime factors of s?
2, 32411
Let q(x) = 1. Let y(a) = -2*a - 30. Let n(d) = -2*q(d) - y(d). Let g be n(-10). Suppose 3*b - g = 13. List the prime factors of b.
7
Suppose 0 = -3*g - 18, -174*x + 179*x - 3*g - 40418 = 0. What are the prime factors of x?
2, 5, 101
Let s = 24 - -6. Suppose 10*w + s = 4*w. What are the prime factors of (120/6 - w)*1?
5
Let v(b) = b**2 + 72*b + 1264. Let p be v(-26). Let f = -7 + 10. Suppose -2*j = 5*n - 3*n - p, 103 = f*j + 4*n. List the prime factors of j.
3, 11
Suppose -4*k - 5*u = -313, 7*k - 5*u - 261 = 4*k. Let n = 147 - k. List the prime factors of 1166/26 + 10/n.
3, 5
Let n be (3 - (-44)/(-16)) + 4972/16. Let l = -157 + n. What are the prime factors of l?
2, 7, 11
Let z(x) = 10*x**3 + 16*x**2 - 130*x + 63. What are the prime factors of z(21)?
3, 7, 31, 149
Let m be 185*(20/25)/(-2)*18. Let o = m - -2481. What are the prime factors of o?
3, 383
Suppose -5*r - 2*h + 15 = 0, 0 = -5*r - h + 2 + 8. Suppose r = -4*v + 9. Suppose -v*o - 7*o + 297 = 0. What are the prime factors of o?
3, 11
Suppose 0 = -2*d + 6, 2*d = 3*y - 200 + 503. What are the prime factors of 22/y - (-2 - 9159/27)?
11, 31
Let h = 4652 + -4770. Let f = -194 - -111. Let t = f - h. List the prime factors of t.
5, 7
Let p be -1 - (-6)/8 - 91/(-28). List the prime factors of (-6)/(-54)*p*2553.
23, 37
Let t = -18 + 6. Let k be (-3)/(0 + t/(-448)). Let g = 177 + k. What are the prime factors of g?
5, 13
Let v = 29259 - 16208. List the prime factors of v.
31, 421
Let o(q) = 72*q + 154. Let w be o(25). Let g = w - 460. What are the prime factors of g?
2, 3, 83
Suppose -3*r = -x + 5129, -74*r + 78*r = -8. What are the prime factors of x?
47, 109
Let j(b) = b**3 - 2*b**2 + 303. Suppose -o + 5 = -3*n + 3, -5*n + o = 2. List the prime factors of j(n).
3, 101
Suppose -g + 16*j = 11*j - 16116, -64400 = -4*g + 4*j. What are the prime factors of g?
2, 503
Let r(b) = 8*b - 15*b + 74*b + 43*b + 74. What are the prime factors of r(7)?
2, 211
Let j be (-17)/(476/(-552)) + (-4)/(-14). Suppose j - 8 = 3*s. Suppose -50 = s*l - 294. List the prime factors of l.
61
Suppose -5*n = 3*q - 37737, -3*n - 24*q + 22639 = -23*q. What are the prime factors of n?
3, 5, 503
Suppose 21 = 3*y + f, y + 6 - 20 = 2*f. Suppose 0*j + y = -2*j, -263 = -5*s - 3*j. Let h = s + 69. What are the prime factors of h?
2, 31
Let w(b) = -28*b**2 - 19*b + 36. Let a be w(8). Let y = -1115 - a. What are the prime factors of y?
13, 61
Let w(t) = 2*t**3 + t**2 + 13*t + 2. Let n be w(7). Suppose 0 = 14*f - n - 12066. What are the prime factors of f?
3, 307
Suppose -25103 + 14033 = -5*s + 26800. List the prime factors of s.
2, 7, 541
Let i = 1529 + -20. Suppose 3*c - i - 936 = 0. What are the prime factors of c?
5, 163
Let y(l) = 43 + 71*l**2 - 2*l**3 + 5*l**2 + 66*l - 130*l**2 + 3*l**3. What are the prime factors of y(53)?
2, 3, 61
Let o = 34964 + -18119. What are the prime factors of o?
3, 5, 1123
Let k be (-6)/4*3200/6. Let h = -205 - k. List the prime factors of h.
5, 7, 17
Let h be -5 + 76 + (-5)/5. Suppose -5*f = 4*y - 315, 12*y - 13*y = 3*f - h. Let z = 178 + y. List the prime factors of z.
263
Suppose 4*f + 73608 = 7*f - 5*j, 2*j = -3*f + 73566. What are the prime factors of f?
2, 12263
Let j = -1093 + 1938. Suppose -u + 817 = 5*q - 2*q, -j = -u + 4*q. What are the prime factors of u?
829
Let c(z) = -161 + 182 - 96 - 45*z + 13*z. What are the prime factors of c(-11)?
277
Let s(f) be the second derivative of 0 + 21*f - 11/6*f**3 + 3/2*f**2. List the prime factors of s(-3).
2, 3
Let r(j) = 1473*j + 1012. What are the prime factors of r(4)?
2, 863
List the prime factors of 33/3 - (-21)/(-63)*-108609.
2, 19, 953
Let a be (2 - 10/6)/((-2)/6). Let k be (-4 + 2 + 1)*1/a. List the prime factors of (k + -4)/3*-3 - -32.
5, 7
Let s be 3/2*(-6)/9. Let k(c) = 0 - 5 + 5 - 82*c + 8. What are the prime factors of k(s)?
2, 3, 5
Suppose 0 = -8*q - 7*q + 15. List the prime factors of (q*153)/((30/8)/5).
2, 3, 17
Let s = -43 + 43. Suppose o - 16 + 4 = s. Suppose o = -4*t, r + 0*r - 148 = 2*t. What are the prime factors of r?
2, 71
Let o = -3 - 0. Let g be (1 - 0) + 1 - o. Suppose -5*p = -2*p - g*m + 6, -m - 3 = -2*p. List the prime factors of p.
3
Let s = -592 - -1018. Suppose 5*j + 5*k = s + 764, -4*k = -2*j + 458. What are the prime factors of j?
5, 47
Let s(h) = 42*h - 68. Let n be s(12). Suppose 3*x - 848 - n = -5*r, 4*x + 3*r - 1723 = 0. List the prime factors of x.
433
Let b be (-54359)/76 - 9/12. Let z = 756 + b. List the prime factors of z.
2, 5
Suppose -280*m + 418*m - 1458108 = 0. List the prime factors of m.
2, 3, 587
Let v = 77 + -125. Let x = v + 56. Suppose 0 = -u + x*u - 686. List the prime factors of u.
2, 7
Let z be 0*2/(-8) - -3812. Suppose 1162 = a + 5*t, -z = -4*a + 4*t + 932. List the prime factors of a.
2, 3, 197
Let m(y) = -48*y - 61. Let v be m(-19). Let s = -336 + v. What are the prime factors of s?
5, 103
Let x be 4*5/(-10) + (2 - 0). Suppose -5*t + b + 478 = x, -5*t + 4*b + 266 + 206 = 0. What are the prime factors of t?
2, 3
Suppose -2*s = 2*j - 1344, 0 = 13*j - 10*j - 3*s - 2016. List the prime factors of ((-67)/(-2) - 0)/(28/j).
2, 3, 67
Let k = 53553 + -26121. List the prime factors of k.
2, 3, 127
What are the prime factors of (1/(-5))/((-180)/1197900)?
11
Let n = 3 + 28. Suppose u - n = 31. Suppose -b - j = -u, -5*j - 275 = 3*b - 7*b. List the prime factors of b.
5, 13
Let v(j) = -j**3 - 13*j**2 - 21*j - 9. Let r be v(-11). Let n = 23 + r. Suppose 5*u - 106 = n*u. List the prime factors of u.
53
Suppose -3*y = 14*q - 12*q - 1876, 4*y = -5*q + 2506. What are the prime factors of y?
2, 3, 13
Let d(v) 